a(o) = -o**2 - 13*o + 0*o**i - 4 + 18*o. What is a(3)?
2
Let i be (-4)/(-14) - (-188)/28. Let k(l) = -2*l + 9. Let u(d) = -d + 5. Let r(q) = i*u(q) - 4*k(q). Determine r(-3).
-4
Let z(a) = a**3 - 8 - a + 0*a**2 + 5*a**2 + a**2. Give z(-6).
-2
Let c(i) = 2*i**2 + 7*i + 5. Let m(j) = -j**2 + 4*j - 15. Let p(k) = -3*k**2 + 13*k - 44. Let q(f) = 11*m(f) - 4*p(f). Let w be q(5). Determine c(w).
9
Let x(m) be the first derivative of m**3/3 + 5*m**2/2 - m - 5. What is x(-3)?
-7
Let o(l) be the first derivative of l**4/12 - 2*l**3/3 - l**2 - 4*l + 5. Let x(z) be the first derivative of o(z). Determine x(4).
-2
Let r(o) = o**3 - 7*o**2 + 2*o + 5. Suppose -12 = -5*u + 3*u. Calculate r(u).
-19
Let w(f) = f - 8. Let i(k) = -2*k + 9. Let s(n) = -2*i(n) - 3*w(n). Give s(-6).
0
Let a(f) be the third derivative of 2/15*f**5 + 0*f + 0 - 1/6*f**3 + 1/24*f**4 + 8*f**2. Calculate a(1).
8
Let z(n) = -n**2 + n + 11. Let b = 1 + 9. Let u = -10 + b. Calculate z(u).
11
Suppose -b + 32 = b. Let l = 11 - b. Let r(w) = -w**3 - 5*w**2 + 7. Calculate r(l).
7
Let u(j) = -3*j + 13. Suppose 0 = -2*r - 5*a - 10, -r + 5*r = -4*a - 20. Let c(x) = 2*x - 7. Let i(o) = r*c(o) - 3*u(o). Calculate i(-6).
2
Suppose -k + 4*x + 14 = 0, 2*k + 2*x + 40 = -3*k. Let g(p) = -p - 9. Determine g(k).
-3
Let w(m) be the third derivative of -m**5/60 - 5*m**4/24 - m**3 + m**2. Suppose -4*f - 5*a - 35 = 0, 2 = -4*f + 5*a - 3. Calculate w(f).
-6
Suppose -5*o - g - 3*g + 5 = 0, -o - 3*g = 10. Suppose -b + o = h, 3*h - h = -3*b + 17. Let c = b + -5. Let j(r) = r. Calculate j(c).
2
Let d(k) be the second derivative of -k**3/3 - 6*k**2 - 36*k. Determine d(-10).
8
Let s(o) be the third derivative of -o**6/120 - o**5/15 + o**4/6 + 7*o**3/6 - 19*o**2. Calculate s(-5).
12
Let k(b) = -b**3 + 7*b**2 - 6*b + 2. Suppose 5*i = 22 + 8. Give k(i).
2
Let n(m) = -m**3 + 6*m**2 + m + 1. Let a be 8/2 + (-8 - -10). Give n(a).
7
Let b(v) = v**3 - v**2 - 3*v - 5. Let k be b(3). Let p(n) = 3*n - 1. Calculate p(k).
11
Suppose -3*a = -m + 11, -5*a - m + 4*m = 17. Let w(q) = -q + 2. Calculate w(a).
6
Let m(q) = -3*q**2 - 2*q + 2. Let z be m(-2). Let w(d) = d**2 + 6*d + 5. Calculate w(z).
5
Let f(v) = -v**2 - 3*v**2 - 2*v**2 + 4 - v + 5*v**2. Give f(-4).
-8
Let n(x) be the first derivative of -x**4/4 - 5*x**3/3 + 3*x**2 - 7*x - 1. Suppose 2 - 26 = 4*b. Calculate n(b).
-7
Let r(l) be the third derivative of -l**6/120 - l**5/10 + l**4/24 - 7*l**3/6 + l**2. Let k be (-1)/6*4 + (-16)/3. Give r(k).
-13
Let p(s) = 6*s - 6*s**2 - 6*s**2 + 3 + 10*s**2 + s**2. Give p(6).
3
Let s(y) be the second derivative of y**4/12 - 3*y**2/2 - 6*y. Let i = 2 - 5. Let a(d) = -d**3 - 2*d**2 + 4*d + 3. Let c be a(i). Determine s(c).
-3
Let o(p) = 7*p - 76*p**3 + 10*p**2 + 77*p**3 - 3*p**2. Calculate o(-6).
-6
Suppose 4*g + 5*p + 41 = 0, 0 = 2*g + g - p + 7. Let m be g/16 + (-38)/8. Let h(u) = u**2 + 5*u - 4. Give h(m).
-4
Let b(r) = -10*r - 7*r + 16*r. Determine b(5).
-5
Let b(m) = -m. Let a(y) = -y**3 + y**2 - 4*y - 6. Let f(j) = -a(j) + 3*b(j). What is f(0)?
6
Let t(a) be the second derivative of a**7/504 - a**6/720 + a**4/12 - 5*a. Let b(s) be the third derivative of t(s). What is b(-1)?
6
Suppose 48 - 24 = -4*s. Let m(r) = r**3 + 5*r**2 - 6*r + 2. Calculate m(s).
2
Suppose 3*c = 4*m + 20 - 2, 10 = -4*m - c. Let l(w) be the second derivative of w**4/6 + w**3/3 - 3*w**2/2 + 4*w. Give l(m).
9
Let b(r) = 7*r**2 - 21*r - 4. Let a = 2 - 0. Let j(t) = 3*t**2 - 10*t - t**2 + t**2 + 0*t**2 - a. Let u(c) = -4*b(c) + 9*j(c). Give u(-5).
3
Let d(m) = m + 5. Let k(y) = y**2 + 2*y - 6. Let l be k(4). Let u = l + -13. Suppose -u*h - 15 = 0, t - h = -3*t + 3. What is d(t)?
5
Let w(z) = 6*z - 15. Let p(y) = -y + 3. Let r(u) = 11*p(u) + 2*w(u). Let o be (-1)/4 + (-18)/(-8). Suppose 5*k = o*k + 9. Give r(k).
6
Let b(g) = -g**3 + 4*g**2 - 2*g. Let i = -165 - -167. Determine b(i).
4
Let h(b) = -2*b - 8. Let l(q) = -5*q**3 - 2*q**2 + 1. Let v be l(1). Calculate h(v).
4
Let f(x) = x**2 - 8*x - 5. Let h(s) = 3*s**2 - 25*s - 16. Let w(b) = -7*f(b) + 2*h(b). What is w(5)?
8
Let c(h) = -h - 14*h**2 + 20*h**2 - 5*h**2 - 3*h. What is c(3)?
-3
Let m(n) be the second derivative of -n**4/12 + n**3/6 - n**2/2 + n. Let c(w) = 5*w**2 - 4*w + 4. Let u(x) = c(x) + 6*m(x). Calculate u(4).
-10
Let p(r) = 26*r + 3. Let s be p(1). Let l = -34 + s. Let n(y) = 2*y + 2. Give n(l).
-8
Let p = 12 - 3. Suppose p = 2*v + 5. Let i(f) = -4*f. Determine i(v).
-8
Let r(j) = -4*j - 8. Let z(b) = -b - 1. Let s(t) = r(t) - 3*z(t). Suppose -n + 1 = a, 5*a = -5 - 10. Suppose -n = h + 4*h - 4*q, 12 = -3*q. Calculate s(h).
-1
Let v(g) = g**2 - 7*g + 5. Let x be v(6). Let w(k) be the first derivative of k**3/3 - k**2/2 - k - 5. Calculate w(x).
1
Let b(y) = y**3 - 5*y**2 - 8*y + 7. Let i be b(6). Let d = i + 7. Let a(u) = -3*u - 1 + d*u + 4. Give a(3).
0
Let c(d) = -d - 6. Let h be (2 - -8)/(0 - -1). Let p = 5 + -1. Suppose h + 10 = -p*i. Give c(i).
-1
Let o(y) = y + 1. Let k(q) = 3*q + 4. Let i(l) = k(l) - 4*o(l). Give i(1).
-1
Let q(b) be the first derivative of b**4/4 - b**3/3 - b**2/2 - 2*b + 29. Let v(t) be the first derivative of t**2 - 2*t + 1. Let i be v(2). Determine q(i).
0
Let h(v) = -6*v**3 - 2*v**2 - 4*v + 1. Let t(x) = x**3 + x**2 + x. Let l(z) = h(z) + 5*t(z). Calculate l(2).
7
Let r(v) be the first derivative of -v**2/2 - v - 6. What is r(5)?
-6
Let q(g) = -g**2 + 4*g + 1. Let m be q(3). Let d be m/2 - (1 + 1). Let w(c) = 6*c - c - 4*c. Determine w(d).
0
Suppose -3 + 1 = q. Let f(v) = -v**3 - 3*v**2 - 3*v - 1. Give f(q).
1
Let c(r) = 0 + 4*r**3 + 6*r**3 - 1 - r**3. Give c(-1).
-10
Let r(q) = 37*q**2 + 2*q - 71*q**2 + 35*q**2. Suppose -2*t - 4 = 2. Determine r(t).
3
Let h = 8 - 7. Let b(s) = -6*s + 1. Give b(h).
-5
Let f(u) be the second derivative of 1/5*u**5 - 1/6*u**3 - 1/12*u**4 + 1/2*u**2 + 0 - 3*u. Calculate f(1).
3
Let f(v) be the first derivative of -v**2/2 - 9*v + 2. Let j(r) = -r - 9. Let w(d) = -3*f(d) + 4*j(d). Calculate w(-4).
-5
Let t be (5 + -3)/2 - -1. Let u(p) = -10*p**2 + p + 3*p**t - 3*p + p. Calculate u(1).
-8
Let n(j) = j - 2. Let u be n(2). Suppose u = 3*s - 5*s. Suppose -z + s = 1. Let f(h) = 6*h + 1. Give f(z).
-5
Let p(c) = 3*c - 6. Let l be p(4). Let y = l - 1. Let v(s) = -2*s + 5. Determine v(y).
-5
Let f be (-2)/(-7) + 2/(-7). Let w(i) = i**3 + i**2 + i + 3. What is w(f)?
3
Let j(c) be the first derivative of -c**5/120 - c**4/2 - c**3 + 6. Let k(z) be the third derivative of j(z). Determine k(-5).
-7
Suppose -9 = -5*i + 11. Let x be -2*(2 + -1) + i. Suppose -v = 1 + x. Let j(a) = -a**3 - 3*a**2 - 4*a - 3. Calculate j(v).
9
Let i(f) = -f**2 - 3*f + 2. Let c(y) be the second derivative of -1/20*y**5 - y + 2/3*y**3 - 1/6*y**4 + 0*y**2 + 0. Let o be c(-3). Determine i(o).
2
Let x(t) be the second derivative of -t**4/2 + t**2/2 + 5*t. What is x(1)?
-5
Let d be (3/(-3))/((-1)/(-2)). Let k(r) = -3*r**3 + r - 4. Let h(l) = l**2 + 5 - 2*l**2 + l + 0*l**2 + 4*l**3 - 2*l. Let s(p) = 2*h(p) + 3*k(p). Determine s(d).
-4
Let o(f) = 11*f**2 + 7*f - 5. Let x(a) = 5*a**2 + 4*a - 3. Let v(d) = 4*o(d) - 9*x(d). Determine v(-8).
7
Let y(m) = -3*m**3 - 9*m**2 - 2*m - 6. Let w(q) = -5*q**3 - 17*q**2 - 3*q - 12. Let k(o) = 4*w(o) - 7*y(o). Give k(5).
4
Let a(b) = -2*b + 6*b + 1 - 3*b. Let j be (-2 - -2*(-2)/(-2))/2. What is a(j)?
1
Suppose -i + 5 = -3. Let a(m) = -m + 8. Let p be a(i). Let t(y) = -y + 3 + p*y - 3. Determine t(-1).
1
Suppose -2*k + 27 - 1 = 5*u, -u = -4*k - 14. Let a(f) = -8*f**2 + 5*f + 6. Let o(l) = 7*l**2 - 5*l - 5. Let g(x) = u*a(x) + 7*o(x). Calculate g(4).
-3
Suppose u = n + 3, 0 = 5*n - 3*u + 9 - 4. Let l(o) = 2 - 2*o**n + 0 + 7*o**2 + 4*o + o**3. Give l(-3).
8
Let u(w) = w**2 + 2*w - 2. Let q(y) = 3*y**2 + 7*y - 7. Let o(l) = 4*q(l) - 14*u(l). What is o(1)?
-2
Suppose 5*g - 14 - 11 = 0. Let b(u) = u**2 - 7*u + 1. What is b(g)?
-9
Let m(o) = o**3 + o**2 + o + 1. Let l(f) = -3*f**3 + 1. Let r(t) = l(t) + 2*m(t). Determine r(3).
0
Let c(p) be the third derivative of -p**5/30 - p**4/8 + 2*p**3/3 - p**2. Suppose -4*v = -v. Suppose 0*y + 2*y + 4*f = -26, 3*y - 2*f - 1 = v. What is c(y)?
-5
Let j(l) = -l**2 - 5*l + 7. Let d be j(-6). Let u(c) = 3*c**3 - c**2 + 1. Determine u(d).
3
Let f(u) = -u**3 + 4*u**2 - u + 3. Suppose 0*a + 4*a = 0. Suppose -4*m + 18 - 2 = a. C